- 150 - k, -5*n - 2*g + 367 = 0. Calculate the remainder when n is divided by 38.
37
Suppose 18*u = 35*u - 782. Suppose -4*j + j + 30 = 0. Calculate the remainder when u is divided by j.
6
Suppose -2*q = 2*h + 196, 5*q + 16 = -4. Let a = 131 + h. Calculate the remainder when a is divided by 14.
9
Suppose -j = -3*k - 298, j = 2*k - j + 196. Let g = k + 112. Calculate the remainder when 71 is divided by g.
11
Suppose -4*r = -12, -5*x + 181 = -3*r + 5*r. Let m = 28 - 46. Let b = -6 - m. What is the remainder when x is divided by b?
11
Suppose 2*k - 3*k = 85. Suppose -r - 135 = -10*r. Calculate the remainder when k/(-2) + (-6)/(-12) is divided by r.
13
Let h be (-1 - (2 - 2)) + 3. Let m be h + (-3 - 433)/2. What is the remainder when -25*(m/15)/3 is divided by 41?
38
Let r(a) = -a**3 - a**2 - a + 14. Suppose -i = -2*l + 53, -i = i - 2. Calculate the remainder when l is divided by r(0).
13
Suppose -151*q + 142*q = -774. What is the remainder when q is divided by 24?
14
Suppose r = -3*n - 13, 0 = -n - 0*n. Let z = -6 - r. Calculate the remainder when 15 is divided by z*1 + (-1 - -2).
7
Let s(t) = 7*t**2 + 3*t + 5. Let h be ((-10)/(-10))/(2/8). Let y be s(h). Let n = -84 + y. Calculate the remainder when n is divided by 23.
22
What is the remainder when 7 - (-18)/(10*3/15) is divided by 14?
2
Let s(b) = -b**2 - 9*b + 6. Let d be s(-10). Calculate the remainder when 10 is divided by (-65)/(-10) - (-6)/d.
0
Let i = -30 - -56. Let d = -11 + i. What is the remainder when 12 is divided by (-9)/d - 152/(-20)?
5
Suppose 5*j - 4*h - 1261 = 0, -2*j = -2*h + 15 - 519. What is the remainder when j is divided by 26?
19
Suppose 4*a - z = 1453, 5*z + 147 = a - 221. Calculate the remainder when a is divided by 26.
25
Let q(w) = -189*w + 1. Let m = 472 - 424. Calculate the remainder when q(-1) is divided by m.
46
Let j(w) = -w**3 + 6*w**2 + 31*w - 12. Suppose -3*f + 10*y = 5*y - 227, -284 = -4*f + 2*y. What is the remainder when f is divided by j(9)?
21
Let d = -11 - 1. Let p = d + 15. Suppose 0 = u + p*u - 72. Calculate the remainder when 69 is divided by u.
15
Let a = 55 + 1085. Suppose a = -6*b + 21*b. What is the remainder when b is divided by 10?
6
Let v(h) = -2*h**2 - 74*h - 61. What is the remainder when v(-36) is divided by (-2)/(-2)*4/2?
1
Let y be (-1 + 1)/(-3 - -5). Suppose 2*i + 8 = 5*v, -3*i - 2*i + 4*v - 3 = y. Calculate the remainder when 1 is divided by i.
0
Let x = -32 + 102. What is the remainder when x is divided by 37?
33
Suppose 5*s - 2*h - 50 = 0, 5*h - 49 = -5*s + 1. Let l = s - -3. Calculate the remainder when 37 is divided by l.
11
Let l be -18*((-52)/30 - 12/20). Let s = 61 - l. Calculate the remainder when s is divided by 10.
9
Suppose 3*f - 5*h = 290, 0 = 4*f - 5*f - 3*h + 106. What is the remainder when f is divided by 13?
9
Suppose -57*k + 2417 = -2086. Calculate the remainder when 246 is divided by k.
9
Suppose -2*a - 2*f + 234 = -0*f, -3*f = 0. What is the remainder when a is divided by 60?
57
Let x(f) = 15*f**2 + 5*f - 1. What is the remainder when 70 is divided by x(1)?
13
Suppose -110 = -3*s - s - 2*v, 5*v = s - 11. Calculate the remainder when 37 is divided by s.
11
Suppose -5*y + 5*m + 375 = 0, 121 - 38 = y + 3*m. What is the remainder when y is divided by (4 + 9/(-6))*(11 + -3)?
17
Suppose -3*i - 2*i + 5*w = -920, 6 = -2*w. What is the remainder when i is divided by 63?
55
Suppose 0*d - 2 = -2*d, 0 = 5*r + 2*d - 17. Suppose -50*x - 21 = -57*x. Calculate the remainder when x is divided by r.
0
Suppose 22 - 6 = 4*j. Suppose 25 = -v - j*k, -2*v + 2*k - 3*k - 43 = 0. Let d = v + 58. Calculate the remainder when d is divided by 20.
17
Suppose 12 = j - 2*m, -3*m = -2*j - 5*m + 18. Let n(l) = l**2 + 7*l - 2. What is the remainder when n(-12) is divided by j?
8
Suppose -7062 = -8*o + 19*o. Suppose 3*r - 6*r + 167 = 4*a, a = 4*r + 18. What is the remainder when a is divided by 4/(-14) - (5 - o/(-42))?
8
Let h = 39 - 16. Calculate the remainder when h is divided by 0/(9/(-1)) + 8.
7
Suppose 3027*p = 3031*p - 200. Calculate the remainder when 496 is divided by p.
46
Let u be ((-12)/(-10))/((-21)/140). Let d be ((-6)/u)/(8/1856). Suppose -y - 3*j + d = 2*y, -3*j - 3 = 0. What is the remainder when y is divided by 15?
14
Let j = 30 + 3. Suppose 1812 = 239*x + 617. What is the remainder when j is divided by x?
3
Suppose 11*m = 6*m. Suppose 3*q + 22 = 7*q + 3*o, 3*o - 6 = m. Suppose -q*x + 196 = 4*n, 0*x + 5*x + 84 = 2*n. Calculate the remainder when n is divided by 16.
15
Suppose -24 = r - 5*x - 91, -186 = -2*r - 3*x. What is the remainder when r is divided by -14 + 4 - (6 - 62)?
41
Suppose -x - 36 = -5*x. Let m(s) = s**2 - 6*s + 4. Calculate the remainder when m(x) is divided by 1*22*2/4.
9
Suppose 0*i = 5*i + 80. Let n be ((-2)/4)/(4/i). Suppose n*a + 70 = 2*f, f + 3*a + a = 10. What is the remainder when 87 is divided by f?
27
Suppose -5*p - 10 + 31 = g, -2*g + 2*p + 66 = 0. Let h = 11 - 4. Calculate the remainder when g is divided by h.
3
Let u be (-10)/3*15/(-2). Let m = 1 + u. Suppose -c - 5*l + 4 = -4*c, -l = -3*c + 16. Calculate the remainder when m is divided by c.
5
Suppose 0 = -v - 0*v + 20. Let s(f) = -11*f - 21. Let w be s(-5). Let b = w - v. What is the remainder when 55 is divided by b?
13
Let n = -6 + 13. Let h(r) = -2*r**3 - 15*r**2 - 5*r - 19. Let a be h(-8). Let c = -65 + a. What is the remainder when c is divided by n?
6
What is the remainder when 37 is divided by 39/(-273) - 5/(35/(-99))?
9
Suppose 0 = k - 2*g - 3, -5*k + 0*g - 4*g = -15. Let x(r) = 6*r - 2. What is the remainder when x(3) is divided by k?
1
Let v(b) = 36*b + 216. Let x = 17 + -7. What is the remainder when v(-5) is divided by x?
6
Suppose 10*w - 256 = -6*w. Suppose -83 = -11*v + w. Calculate the remainder when 71 is divided by v.
8
Let p = 14 - 8. Let u = 3 - -3. Calculate the remainder when (p/(-9))/((-6)/153) is divided by u.
5
Let n(v) = -8*v**2 + v**3 + 0 - v + 3 + 4*v - 4. Calculate the remainder when 41 is divided by n(8).
18
Let g be (-11)/22 - (-33)/6. Suppose -l - 689 = -5*m, 5*m - 99 = -g*l + 566. What is the remainder when m is divided by 23?
22
Let x = 283 - 193. Calculate the remainder when x is divided by 13.
12
Suppose 52*p = 18*p + 238. Calculate the remainder when 62 is divided by p.
6
Let n(t) = 2*t**3 + 14*t**2 + 22*t + 3. What is the remainder when 1307 is divided by n(-4)?
9
Suppose 0 = 137*h - 400 - 2066. Suppose 3*k - 6*k = -21. What is the remainder when h is divided by k?
4
Let u = 116 - 45. What is the remainder when u is divided by 19?
14
Let f(q) = q**3 - 19*q**2 + 17*q + 26. Let s be f(18). Calculate the remainder when 13 is divided by (19/(-38) + 6/s)*44.
2
Let l = -1561 + 1632. Calculate the remainder when 264 is divided by l.
51
Suppose 0*g = -2*g + 8. Suppose g*o - 5 = 3*o + 2*x, -o = -4*x - 5. Suppose -o*b - u = -53, -7*u + 2*u - 5 = -2*b. What is the remainder when b is divided by 6?
4
Let m = 11 - 6. Let x be 18 - 15 - (1 - 36). Suppose -m*r + 233 - x = 0. Calculate the remainder when r is divided by 10.
9
Suppose 4*o + 0*o = -p + 2, -4*o - 3*p = -6. Suppose -5*x = 5*l - 640, -5*x + x + 5*l + 557 = o. What is the remainder when x is divided by 15?
13
Suppose 2*d + d + i = 12, 0 = -i + 3. Suppose 0 = 2*z, -22 = -2*n - 0*n - d*z. Calculate the remainder when 28 is divided by n.
6
Let d = 664 + 620. What is the remainder when d is divided by 11?
8
Let v = -2198 - -2232. Calculate the remainder when 59 is divided by v.
25
Suppose 4*c + 5*r - 137 = 0, c - 28 = -3*r + 1. Calculate the remainder when c is divided by 180/(-20) - (-28 - 1).
18
Let i = 204 - 145. Let v = -111 + 81. Let u = v + i. Calculate the remainder when u is divided by 11.
7
Let i = 509 + -435. Calculate the remainder when i is divided by 11.
8
Suppose 2*n = 5*o + 99, -4*n + 12*o - 11*o + 225 = 0. What is the remainder when 682 is divided by n?
55
Let z = 115 - 65. Suppose 3*m = -4*y + 2*m + 357, -4*m = -y + 68. Suppose 5*q - 73 = 3*r, 5*q + 5*r - y = q. Calculate the remainder when z is divided by q.
16
Let c(d) = -16*d**2 + 29*d**2 + d**3 - 14*d**2 + 2*d + 14. Let t(n) = -n + 4. Calculate the remainder when c(0) is divided by t(0).
2
Let h(c) = c**3 - c**2 + 77. Let b = -10 - -10. Suppose -104*u + 103*u + 26 = 0. Calculate the remainder when h(b) is 